{"id":2,"date":"2022-09-05T18:35:39","date_gmt":"2022-09-05T16:35:39","guid":{"rendered":"http:\/\/labourrineenchantee.fr\/?page_id=2"},"modified":"2025-08-07T10:03:02","modified_gmt":"2025-08-07T08:03:02","slug":"page-d-accueil","status":"publish","type":"page","link":"https:\/\/labourrineenchantee.fr\/","title":{"rendered":"La Bourrine Enchant\u00e9e"},"content":{"rendered":"\n<figure class=\"wp-block-image size-large\"><img loading=\"lazy\" decoding=\"async\" width=\"1024\" height=\"768\" src=\"http:\/\/labourrineenchantee.fr\/wp-content\/uploads\/2022\/09\/Jean-Francois-Merle-Vendee-La-bourrine-20220101DJI_0254-Web-2-1024x768.jpg\" alt=\"\" class=\"wp-image-20\" srcset=\"https:\/\/labourrineenchantee.fr\/wp-content\/uploads\/2022\/09\/Jean-Francois-Merle-Vendee-La-bourrine-20220101DJI_0254-Web-2-1024x768.jpg 1024w, https:\/\/labourrineenchantee.fr\/wp-content\/uploads\/2022\/09\/Jean-Francois-Merle-Vendee-La-bourrine-20220101DJI_0254-Web-2-300x225.jpg 300w, https:\/\/labourrineenchantee.fr\/wp-content\/uploads\/2022\/09\/Jean-Francois-Merle-Vendee-La-bourrine-20220101DJI_0254-Web-2-768x576.jpg 768w, https:\/\/labourrineenchantee.fr\/wp-content\/uploads\/2022\/09\/Jean-Francois-Merle-Vendee-La-bourrine-20220101DJI_0254-Web-2-1536x1152.jpg 1536w, https:\/\/labourrineenchantee.fr\/wp-content\/uploads\/2022\/09\/Jean-Francois-Merle-Vendee-La-bourrine-20220101DJI_0254-Web-2-1568x1176.jpg 1568w, https:\/\/labourrineenchantee.fr\/wp-content\/uploads\/2022\/09\/Jean-Francois-Merle-Vendee-La-bourrine-20220101DJI_0254-Web-2.jpg 2000w\" sizes=\"auto, (max-width: 1024px) 100vw, 1024px\" \/><figcaption class=\"wp-element-caption\">Bourrine<\/figcaption><\/figure>\n\n\n\n<p>Venez d\u00e9velopper vos perceptions \u00e0 travers des outils de bien \u00eatre.<\/p>\n\n\n\n<p>Gr\u00e2ce \u00e0 :<\/p>\n\n\n\n<p>La visualisation positive<\/p>\n\n\n\n<p>Le pendule<\/p>\n\n\n\n<p>Le magn\u00e9tisme<\/p>\n\n\n\n<p>les cristaux<\/p>\n\n\n\n<p>La relaxation m\u00e9tamorphique et bien d&rsquo;autres ateliers<\/p>\n\n\n\n<figure class=\"wp-block-image size-large\"><img loading=\"lazy\" decoding=\"async\" width=\"1024\" height=\"683\" src=\"http:\/\/labourrineenchantee.fr\/wp-content\/uploads\/2022\/09\/Jean-Francois-Merle-Vendee-La-plage-20211231_MG_0055-Web-1024x683.jpg\" alt=\"\" class=\"wp-image-24\" srcset=\"https:\/\/labourrineenchantee.fr\/wp-content\/uploads\/2022\/09\/Jean-Francois-Merle-Vendee-La-plage-20211231_MG_0055-Web-1024x683.jpg 1024w, https:\/\/labourrineenchantee.fr\/wp-content\/uploads\/2022\/09\/Jean-Francois-Merle-Vendee-La-plage-20211231_MG_0055-Web-300x200.jpg 300w, https:\/\/labourrineenchantee.fr\/wp-content\/uploads\/2022\/09\/Jean-Francois-Merle-Vendee-La-plage-20211231_MG_0055-Web-768x512.jpg 768w, https:\/\/labourrineenchantee.fr\/wp-content\/uploads\/2022\/09\/Jean-Francois-Merle-Vendee-La-plage-20211231_MG_0055-Web-1536x1025.jpg 1536w, https:\/\/labourrineenchantee.fr\/wp-content\/uploads\/2022\/09\/Jean-Francois-Merle-Vendee-La-plage-20211231_MG_0055-Web-1568x1046.jpg 1568w, https:\/\/labourrineenchantee.fr\/wp-content\/uploads\/2022\/09\/Jean-Francois-Merle-Vendee-La-plage-20211231_MG_0055-Web.jpg 2000w\" sizes=\"auto, (max-width: 1024px) 100vw, 1024px\" \/><figcaption class=\"wp-element-caption\">La plage<\/figcaption><\/figure>\n\n\n\n<p>La Bourrine Enchant\u00e9e est une association loi 1901 qui a pour but de d\u00e9velopper les perceptions de chacun quelque soit le niveau.<\/p>\n\n\n\n<p>L&rsquo;adh\u00e9sion est de 10 euros par trimestre et 7 euros l&rsquo;atelier.<\/p>\n\n\n\n<p>Le planning est \u00e9tabli et on s&rsquo;inscrit au cours que l&rsquo;on veut en pr\u00e9venant au minimum une semaine \u00e0 l&rsquo;avance. Les ateliers ont lieu le samedi de 14h \u00e0 16h.<\/p>\n\n\n\n<p>Pour tous renseignements compl\u00e9mentaires vous pouvez vous informer aupr\u00e8s de Mme Martorell au 0671561740 ou par mail \u00e0 labourrineenchantee@laposte.net<\/p>\n\n\n\n<p>Voici le planning pour l&rsquo;ann\u00e9e 2025-2026<\/p>\n\n\n\n<div class=\"wp-block-columns is-layout-flex wp-container-core-columns-is-layout-9d6595d7 wp-block-columns-is-layout-flex\">\n<div class=\"wp-block-column is-layout-flow wp-block-column-is-layout-flow\" style=\"flex-basis:100%\">\n<div class=\"wp-block-columns is-layout-flex wp-container-core-columns-is-layout-9d6595d7 wp-block-columns-is-layout-flex\">\n<div class=\"wp-block-column is-layout-flow wp-block-column-is-layout-flow\" style=\"flex-basis:100%\">\n<figure class=\"wp-block-table is-style-regular\"><table class=\"has-fixed-layout\"><tbody><tr><td>13 septembre 2025<\/td><td>La r\u00e9flexologie plantaire<\/td><\/tr><tr><td>20 septembre 2025<\/td><td>La relaxation m\u00e9tamorphique<\/td><\/tr><tr><td>27 septembre 2025<\/td><td>Les chakras<\/td><\/tr><tr><td>4 octobre 2025<\/td><td>Num\u00e9rologie cr\u00e9ative<\/td><\/tr><tr><td>11 octobre 2025<\/td><td>Caract\u00e9rologie de Ph Malh\u00e9biau<\/td><\/tr><tr><td>18 octobre 2025<\/td><td>Les couleurs<\/td><\/tr><tr><td>25 octobre 2025<\/td><td>Les guides<\/td><\/tr><tr><td>1er novembre 2025<\/td><td>Les cristaux<\/td><\/tr><tr><td>8 novembre 2025<\/td><td>Cartes et destin<\/td><\/tr><tr><td>15 novembre 2025<\/td><td>Pendule \u00e9ch de Bovie<\/td><\/tr><tr><td>22 novembre 2025<\/td><td>Les protections<\/td><\/tr><tr><td>29 novembre 2025<\/td><td>R\u00eave et symbolique<\/td><\/tr><tr><td>6 d\u00e9cembre 2025<\/td><td>Les baumes<\/td><\/tr><tr><td>13 d\u00e9cembre 2025<\/td><td>Astrologie<\/td><\/tr><tr><td>20 d\u00e9cembre 2025<\/td><td>Visualisation constructive<\/td><\/tr><tr><td>3 Janvier 2026<\/td><td>Alimentation et cure<\/td><\/tr><tr><td>10 janvier 2026<\/td><td>Dilutions vibratoires<\/td><\/tr><tr><td>17 janvier 2026<\/td><td>Onde de forme, mandala<\/td><\/tr><tr><td>24 janvier 2026<\/td><td>Chiromancie<\/td><\/tr><tr><td>30 janvier 2026<\/td><td>Corps et symbolique<\/td><\/tr><tr><td>7 f\u00e9vrier 2026<\/td><td>Magn\u00e9tisme<\/td><\/tr><tr><td>14 f\u00e9vrier 2026<\/td><td>Les points de Knap<\/td><\/tr><tr><td>21 f\u00e9vrier 2026<\/td><td>Travail en \u00e9nergie<\/td><\/tr><tr><td>28 f\u00e9vrier2026<\/td><td>Habitat et \u00e9nergie<\/td><\/tr><tr><td>7 mars 2026<\/td><td>Pa Kua<\/td><\/tr><tr><td>14 mars 2026<\/td><td>Sons, mantras et vibrations<\/td><\/tr><tr><td>21 mars 2026<\/td><td>Hypnose<\/td><\/tr><tr><td>28 mars 2026<\/td><td>Les pr\u00e9parations<\/td><\/tr><tr><td>4 Avril 2026<\/td><td>Les \u00e9lixirs floraux<\/td><\/tr><tr><td>11 avril 2026<\/td><td>Aura, corps d&rsquo;\u00e9nergie<\/td><\/tr><tr><td>18 avril 2026<\/td><td>Auriculoth\u00e9rapie<\/td><\/tr><tr><td>25 avril 2026<\/td><td>Influence des astres<\/td><\/tr><tr><td>2 Mai 2026<\/td><td>Fasciath\u00e9rapie<\/td><\/tr><tr><td>9 mai 2026<\/td><td>Les fr\u00e9quences<\/td><\/tr><tr><td>16 mai 2026<\/td><td>Ho&rsquo;oponopono<\/td><\/tr><tr><td>23 mai 2026<\/td><td>Apr\u00e8s la vie<\/td><\/tr><tr><td>30 mai 2026<\/td><td>Cartes et autres<\/td><\/tr><tr><td>6 Juin 2026<\/td><td>Energie de la pens\u00e9e<\/td><\/tr><tr><td>13 juin 2026<\/td><td>Les incantations positives<\/td><\/tr><tr><td>20 juin 2026<\/td><td>circulation d&rsquo;\u00e9nergie<\/td><\/tr><tr><td>27 juin 2026<\/td><td>Kundalini<\/td><\/tr><\/tbody><\/table><\/figure>\n<\/div>\n<\/div>\n<\/div>\n<\/div>\n\n\n\n<p><\/p>\n\n\n\n<p><\/p>\n\n\n\n<figure class=\"wp-block-image size-large is-resized\"><img loading=\"lazy\" decoding=\"async\" width=\"744\" height=\"1024\" src=\"http:\/\/labourrineenchantee.fr\/wp-content\/uploads\/2022\/10\/photo-bourrine-flo-1-744x1024.png\" alt=\"\" class=\"wp-image-52\" style=\"width:224px;height:307px\" srcset=\"https:\/\/labourrineenchantee.fr\/wp-content\/uploads\/2022\/10\/photo-bourrine-flo-1-744x1024.png 744w, https:\/\/labourrineenchantee.fr\/wp-content\/uploads\/2022\/10\/photo-bourrine-flo-1-218x300.png 218w, https:\/\/labourrineenchantee.fr\/wp-content\/uploads\/2022\/10\/photo-bourrine-flo-1-768x1058.png 768w, https:\/\/labourrineenchantee.fr\/wp-content\/uploads\/2022\/10\/photo-bourrine-flo-1-1115x1536.png 1115w, https:\/\/labourrineenchantee.fr\/wp-content\/uploads\/2022\/10\/photo-bourrine-flo-1.png 1241w\" sizes=\"auto, (max-width: 744px) 100vw, 744px\" \/><\/figure>\n\n\n\n<p>                                        Florence Guilbaud Martorell<\/p>\n\n\n\n<p>1993&nbsp;: Naturopathe (\u00e9cole ISSA de Michel Dogna)<br><br>1994&nbsp;: Cr\u00e9ation de l&rsquo;association \u00ab\u00a0Les Fleurs de la Licorne\u00a0\u00bb pour l&rsquo;\u00e9laboration des \u00e9lixirs floraux de Bach et la recherche sur le potentiel curatif des autres fleurs.<br><br>Travail avec les cristaux pour r\u00e9\u00e9quilibrer les \u00e9nergies.<br><br>Recherche sur les ondes de forme curatives pour r\u00e9harmoniser les \u00eatres et lieux avec sons, couleurs, mantras et mandalas.<\/p>\n\n\n\n<p>2022&nbsp;: Cr\u00e9ation de l\u2019association \u00ab&nbsp;la bourrine enchant\u00e9e.&nbsp;\u00bb qui a pour but de permettre \u00e0 chacun \u00e0 travers des outils de bien \u00eatre de d\u00e9velopper ses perceptions.<br><br>Auteur de \u00ab&nbsp;La dimension \u00e9nerg\u00e9tique de l&rsquo;\u00eatre&nbsp;\u00bb, \u00ab&nbsp;l\u2019initiation de Rosalynde&nbsp;\u00bb et \u00ab&nbsp;Salina&nbsp;\u00bb aux \u00e9ditions Edilivre.<\/p>\n\n\n\n<p>Ce site est li\u00e9 au site d&rsquo;information www.fleurdelalicorne.chez-alice.fr<\/p>\n","protected":false},"excerpt":{"rendered":"<p>Venez d\u00e9velopper vos perceptions \u00e0 travers des outils de bien \u00eatre. Gr\u00e2ce \u00e0 : La visualisation positive Le pendule Le magn\u00e9tisme les cristaux La relaxation m\u00e9tamorphique et bien d&rsquo;autres ateliers La Bourrine Enchant\u00e9e est une association loi 1901 qui a pour but de d\u00e9velopper les perceptions de chacun quelque soit le niveau. L&rsquo;adh\u00e9sion est de&hellip; <a class=\"more-link\" href=\"https:\/\/labourrineenchantee.fr\/\">Poursuivre la lecture <span class=\"screen-reader-text\">La Bourrine Enchant\u00e9e<\/span><\/a><\/p>\n","protected":false},"author":1,"featured_media":0,"parent":0,"menu_order":0,"comment_status":"closed","ping_status":"open","template":"","meta":{"footnotes":""},"class_list":["post-2","page","type-page","status-publish","hentry","entry"],"_links":{"self":[{"href":"https:\/\/labourrineenchantee.fr\/index.php\/wp-json\/wp\/v2\/pages\/2","targetHints":{"allow":["GET"]}}],"collection":[{"href":"https:\/\/labourrineenchantee.fr\/index.php\/wp-json\/wp\/v2\/pages"}],"about":[{"href":"https:\/\/labourrineenchantee.fr\/index.php\/wp-json\/wp\/v2\/types\/page"}],"author":[{"embeddable":true,"href":"https:\/\/labourrineenchantee.fr\/index.php\/wp-json\/wp\/v2\/users\/1"}],"replies":[{"embeddable":true,"href":"https:\/\/labourrineenchantee.fr\/index.php\/wp-json\/wp\/v2\/comments?post=2"}],"version-history":[{"count":17,"href":"https:\/\/labourrineenchantee.fr\/index.php\/wp-json\/wp\/v2\/pages\/2\/revisions"}],"predecessor-version":[{"id":85,"href":"https:\/\/labourrineenchantee.fr\/index.php\/wp-json\/wp\/v2\/pages\/2\/revisions\/85"}],"wp:attachment":[{"href":"https:\/\/labourrineenchantee.fr\/index.php\/wp-json\/wp\/v2\/media?parent=2"}],"curies":[{"name":"wp","href":"https:\/\/api.w.org\/{rel}","templated":true}]}}